0
Let x(k) be the third derivative of -k**2 - 1/6*k**4 - 1/2*k**3 + 0*k + 0. Let w = 1253 + -1255. Determine x(w).
5
Suppose 8 - 53 = -5*y. Suppose 0 = -d + 3*n - 9, y*n = -d + 4*n + 23. Let z(c) = 5*c + 0*c - d*c. Calculate z(-1).
-2
Let n(p) = 50*p - p**3 - 45*p + 7*p**2 - 2 + 10 - 2. Determine n(8).
-18
Let s(r) = r**3 + r**2 - 3*r + 3. Suppose -2*f - 4*j + 10 = -f, f - 8 = -3*j. Suppose -f + 10 = 4*l. Calculate s(l).
9
Let u(c) = -4*c + 3*c + 3 + 5*c + 4*c. Let i(l) = 17*l + 7. Let s(n) = -2*i(n) + 5*u(n). Determine s(-1).
-5
Let m(c) be the first derivative of 3*c**2/2 - 6*c + 26. Suppose -3*o + 4 = -8. Calculate m(o).
6
Let t(f) = -f + 3. Let j = 0 + 3. Suppose -v - 3*p - j = 0, 0 = p + 1. Determine t(v).
3
Let c(v) = -4 + v - 4 + 1. Calculate c(6).
-1
Let j(z) = z**2 - 2. Let d(n) = -n**3 - 4*n**2 + 4*n - 7. Let q be d(-5). Calculate j(q).
2
Let p(u) = u - 3. Suppose -4 = 3*b - 5*b. Suppose 5*a + b*x - 3*x = 6, 5*a - 26 = -4*x. Let k be (-1)/a + (-10)/4. What is p(k)?
-6
Let y(t) be the third derivative of t**4/24 - 7*t**2. What is y(6)?
6
Let v(s) = s**3 - 5*s**2 + 4*s - 4. Let x(t) = t**2 + 8*t + 8. Let y be x(-7). Let h be (y/2)/(3/18). Give v(h).
-10
Let n(o) = -5*o**3 + 5*o**2 - 2*o + 5. Let u(r) = 9*r**3 - 10*r**2 + 3*r - 9. Let q(x) = 11*n(x) + 6*u(x). Calculate q(-4).
1
Let v(r) = -3*r + 5. Let k be 147/14*(-8)/(-14). What is v(k)?
-13
Let w(y) = y - 5. Let a be w(5). Let u(x) = -10 + 24 + 5*x - 5*x - x. What is u(a)?
14
Let i(u) = -5 - 8*u + 4 + 7. Let v(y) = -9*y + 6. Let q(p) = 6*i(p) - 5*v(p). Determine q(4).
-6
Let x(p) = -p**2 - 8*p + 1. Let v(b) = 5*b - 67. Let r be v(12). What is x(r)?
8
Let r(m) = m**2 + m - 3. Let v be -2 + 1/((-1)/(0 - -1)). What is r(v)?
3
Let u(a) = -a + 6. Suppose 4 = -3*n + 16. Suppose -n*q - i + 7 = -11, -i + 3 = q. Determine u(q).
1
Let x(r) = r + 8. Let i(f) = -f**3 + 8*f**2 - 8*f + 7. Let q be i(7). Give x(q).
8
Let b = -4 + 0. Let v = b - -3. Let p(d) be the second derivative of d**4/2 - d**3/3 - d**2/2 + 2*d. Determine p(v).
7
Let x = 21 - 18. Suppose -6*f + x*f = -3. Let i(h) = 4*h**3 - h**2 + h. Calculate i(f).
4
Let x(q) be the third derivative of q**4/24 + q**3/2 - 10*q**2. Let s(c) = c - 5. Let o be s(0). Determine x(o).
-2
Let f(m) = -m**2 + 1. Let g(o) = o**2 + 2*o + 2. Let b be g(-3). Let x = 5 - b. Suppose x = -0*a + a - 2. Calculate f(a).
-3
Let d(i) = 2*i**3 + 3*i - 3*i - i**3 + 2 + 6*i + 6*i**2. Determine d(-5).
-3
Let b(c) = -c**2 - c - 1. Let q(y) = y**3 - y**2 + 6*y + 5. Let n(r) = -3*b(r) - q(r). What is n(3)?
-2
Let t(x) = x. Let w(s) = -s**2 - s + 5. Let f be w(-4). Let c = -10 - f. Determine t(c).
-3
Suppose -8*w = -5*w - 6. Suppose w*p + p - 5*k = 13, 2*k = 2*p - 2. Let n(v) = 2*v + 3. What is n(p)?
-5
Let z(i) = 3*i + 2. Let q be z(1). Suppose 2*j - 9 + q = 0. Let k(n) = -2*n**2 + 4*n - 3. Give k(j).
-3
Let g(p) = -p**3 + 3*p**2 - 3*p + 2. Let j be (-70)/9 + 4/(-18). Let o = 10 + j. Give g(o).
0
Suppose 5*q + 2*h + 6 = 0, -q + 2*h + 12 = -2*h. Let w(u) = -u - 19. Give w(q).
-19
Let t(q) be the second derivative of 0*q**2 - 1/6*q**4 + 0 + q + 1/2*q**3. Suppose 5*j + 3*s = 18, -3*j + 3*s = -3 - 3. Calculate t(j).
-9
Let x(n) be the first derivative of -n**3/3 + n**2 + 2. Let b = 2 - 1. Give x(b).
1
Let d(s) = -10*s**2 + 10*s**2 + 6 - s**2 + 7*s - 2. What is d(6)?
10
Let n be (-2)/(-8) - 1/4. Let c(i) be the first derivative of i**4/4 + i**3/3 - i**2/2 - 7*i - 12. Calculate c(n).
-7
Let h(y) be the first derivative of -y**4/4 - y**3 + 5*y**2/2 + 5*y + 13. Suppose -w + 16 = -3*i, w + 16 = -2*i + 3*w. Calculate h(i).
1
Let i(y) be the first derivative of -y**3/3 + 3*y**2 - 5*y - 1. Let t = -6 + 10. Suppose -d + 1 = -t. Determine i(d).
0
Let g = 31 - 36. Let n(p) = p + 1. Determine n(g).
-4
Let f(w) = w - 3. Suppose 9 = 5*m - 2*m. Let b be 6/m - (-2)/(-1). What is f(b)?
-3
Suppose 3 + 6 = -3*k - 4*a, 3*k = 5*a + 18. Let q(m) = -m**2 + 4*m - 1. Let z be q(3). Let n(f) = -6*f + z*f - f. Determine n(k).
-5
Suppose -3*x + 8*x - 20 = 0. Suppose t = 5*t. Let d(j) = j + t + 1 + 0. Calculate d(x).
5
Let b be ((-48)/40)/((-2)/5). Let y = b - 1. Suppose 0*o = -y*o + 6. Let t(n) = -n**3 + 2*n**2 + 1. Calculate t(o).
-8
Let u(r) = -r**2 - 6*r + 5. Let d(w) = -w**2 - 7*w + 5. Let a(z) = -5*d(z) + 6*u(z). What is a(-4)?
-7
Let w(m) be the second derivative of m**5/60 + 7*m**4/24 + 2*m**3/3 + 4*m**2 + 3*m. Let x(v) be the first derivative of w(v). What is x(-5)?
-6
Let f(j) = j + 16. Let w be f(-11). Let y(d) = -w*d + 3*d - 7*d**3 - 3 + 4 + 3*d**3. Determine y(1).
-5
Suppose 34 = 5*s - 3*j, -3*s - 5*j - 5 = -s. Let u(f) be the first derivative of -7/2*f**2 + 2*f**3 + 3*f + 5 - 1/4*f**4. Determine u(s).
-7
Let i = -4 - -7. Let s = 5 - 3. Let l(m) = -2 - 2 - 9*m + i*m + 5 - m**s. Give l(-4).
9
Let d(q) = 1. Let j(r) = 4*r - 6. Let x(y) = 4*d(y) + j(y). Let z(v) = 2*v - 19. Let u(g) = -g + 9. Let k(i) = -9*u(i) - 4*z(i). Let p be k(7). Give x(p).
6
Let g = 1 - -1. Let i(q) = -4 - 7 - q**2 - g + 4. Calculate i(0).
-9
Suppose 3*v = -0*v + 3. Let l be (-6)/(((-6)/4)/v). Let i(j) = -j**2 + 7*j - 5. What is i(l)?
7
Let n be 1 - 0/(3 - 6). Let j(k) = 0*k + 2*k - 2 + n + 0*k. Give j(-3).
-7
Let m(b) = 7*b + 6*b - 11*b + 1. Give m(4).
9
Let c(k) = k**2 + 9 - 7*k + 3 + 1 - 6. What is c(5)?
-3
Suppose 0 = -y + 3. Let m(r) be the second derivative of r**3/6 - r**2 + 27*r. Determine m(y).
1
Let g(c) be the first derivative of c**2/2 + 6*c - 7. Determine g(-5).
1
Let w be (1 + 1)*162/(-36). Let y(t) = -1. Let d(a) = a + 14. Let h(s) = d(s) + 4*y(s). Let f(o) = 2*o + 21. Let v(b) = w*h(b) + 4*f(b). What is v(-6)?
0
Suppose 6*a - 3*a = -9. Let x(z) = -2*z**2 - 3*z - 1. Calculate x(a).
-10
Let k be (-4 - -4)/(1*-3). Suppose k = -3*w - 9, 0*f - 34 = 4*f + 2*w. Let r be f/9 + (-8)/36. Let n(z) = 3*z**2 - z - 1. Give n(r).
3
Let a(b) = 6*b + 6. Let j(v) = 2*v + 2. Let l(x) = -2*a(x) + 7*j(x). Let d = 2 - 5. Determine l(d).
-4
Suppose -4*c + 46 = 2*h, -c + 0*h - 16 = -5*h. Let b(g) = -2*g - 6*g - 1 - 7*g**3 + c*g. Determine b(1).
-7
Let g(c) = -c**2 - 3*c + 4. Suppose -5 = -j - 0. Suppose -3*m + 6*m = 63. Suppose m - 6 = -j*v. Give g(v).
4
Let t(z) be the first derivative of -3/2*z**2 + 2 + 5/6*z**3 + 2*z. Let v(o) be the first derivative of t(o). What is v(2)?
7
Let q(l) = l**3 + 3*l**2 - 2*l - 2. Let u be q(-3). Suppose z - 21 = u*z. Let d(o) = -o - 5. Let y be d(z). Let v(w) = 2*w - 2. Determine v(y).
2
Let l = -21 + 24. Let h(z) = z**3 - 2*z**2 + 2*z - 1. Determine h(l).
14
Let n(l) = l**3 - 8*l**2 - l + 4. Let s be n(8). Let y(f) = -f**2 - 4*f - 3. Determine y(s).
-3
Let u(o) = -3*o + 3. Let c be u(-2). Let d = c - 7. Let y(a) = -a**2 + 3*a - 1. Calculate y(d).
1
Let f be ((-4)/5)/((-2)/5). Let p(o) = o**2 - o. Calculate p(f).
2
Let y(s) = -2 + 2*s**3 + 3 - s**3 + 0*s**3 - s. Calculate y(0).
1
Let b(u) = 0*u + 3*u - 1 - 2*u + 2*u. Let i be b(-1). Let q(r) = 4*r - 5*r + 0*r - 5 + 2*r. Calculate q(i).
-9
Let b(h) = h**2 + 1. Let t be b(-2). Let w = t - 7. Let c(m) = 2*m - 2. Calculate c(w).
-6
Let g(o) = o - 2*o + 10*o + 8 + o**2 + 0*o. Calculate g(-6).
-10
Suppose 0 = 3*i - 1 - 5. Let r(c) = 2 - 2*c**3 - 2 - 3*c**i. Let k be r(-2). Let d(o) = o**3 - 3*o**2 - 6*o + 2. Give d(k).
-6
Let n(x) be the third derivative of -6*x**2 + 0*x + 0*x**3 + 1/12*x**4 + 0. What is n(-2)?
-4
Let q(s) = -s**2 + s + 1. Let i(x) = 3*x**2 - 8*x - 7. Let j(n) = i(n) + 2*q(n). Calculate j(6).
-5
Let s(y) be the first derivative of y**4/24 - 7*y**3/6 + 3*y**2/2 - 2. Let o(r) be the second derivative of s(r). Suppose -3*i + 15 = -0. Determine o(i).
-2
Let p be 6/(-9) - 34/(-6). Let b = p - 7. Let i(j) = -7*j. Calculate i(b).
14
Suppose -2*p + 3*f - 2 = 0, 5*p - 4*f - 1 - 8 = 0. Suppose 2 = -5*j + 3*y, -4*j + 9 = y - 3. Let g(x) = -j*x + 2*x - x + 9. Determine g(p).
4
Let o(r) = -r + 2. Let c(y) = y - 3. Let k(h) = -4*c(h) - 3*o(h). Determine k(6).
0
Let z be (2/(-3))/((-2)/12). Let a(i) = -2*i**2 + 7*i - 4. What is a(z)?
-8
Suppose 2*x + x = 6. Let n(y) = 8*y**2 + 2*y**3 + 7 - 3*y**3 - 2*y**x + 2*y**3 + 6*y. What is n(-5)?
2
Let k(w) = -w + 3. Let h(g) be the first derivative of -g**6/360 + g**4/6 + 2*g**3/3 - 3. Let i(o) be the third derivative of h(o). Let t be i(-3). Give k(t).
8
Let x = -13 - -14. Let y(u) = -12*u**3 + u. Deter